b/(-14). Let x = 90 + q. What are the prime factors of x?
43
Suppose f + 3*d - 16 = 95, 2*f + 5*d = 222. What are the prime factors of f?
3, 37
Let d(u) be the second derivative of 4*u**3/3 - 3*u**2/2 - 7*u. List the prime factors of d(7).
53
Let p be 4/(-10) - (-6888)/(-105). Suppose -4*i - 2*q = 388, 4*i - q = -228 - 166. Let b = p - i. What are the prime factors of b?
2
Let g(p) = p**2 - 11*p. Let z be g(10). Let o(n) = n**3 + 12*n**2 + 17*n - 14. List the prime factors of o(z).
2
Let y = -1102 - -2406. List the prime factors of y.
2, 163
List the prime factors of (24/26)/6 + 3443/13.
5, 53
Let q(v) = 3 - 5*v + 4*v - 8. Let u be q(-3). What are the prime factors of 35/u*200/(-70)?
2, 5
Suppose -160 = -4*f + 192. Suppose 0 = 96*y - 104*y + 184. Suppose -z - y = -f. List the prime factors of z.
5, 13
Suppose 16604 = 12*j - 1564. List the prime factors of j.
2, 757
Suppose -3*q = -3*c + 1239, 7*c - 9*c - 4*q + 796 = 0. What are the prime factors of c?
2, 3, 17
List the prime factors of ((-6270)/(-171))/((-4)/(-6)).
5, 11
Let m be (-2)/3 + 420/(-18). What are the prime factors of 5/(4 + 92/m)?
2, 3, 5
Let i(f) = f + 62. Let u(x) = x + 62. Let m(q) = 5*i(q) - 4*u(q). What are the prime factors of m(0)?
2, 31
Let m(z) = z**3 + 4*z**2 + 2*z + 2. Let j be m(-3). Suppose 45 = -4*n + j. What are the prime factors of (3 + 3 + n)*-3?
2, 3
Let w(a) = -9*a**3 + 2*a**2 + a. Let f be 4/4*1*7. Let m be 4/24 - f/6. List the prime factors of w(m).
2, 5
Let q(p) = p**2 + 95*p + 1253. What are the prime factors of q(0)?
7, 179
Let i be -2 + 2/3*6. Let k be 4*(-1 + (5 - 3)). Suppose -k*h + 66 = g, -2*h - i*g = -4*g - 28. List the prime factors of h.
2
Suppose -44 = 8*o - 76. Suppose -9 - 36 = -5*x. Suppose -o*v + x = -19. What are the prime factors of v?
7
Let x = -45 - -49. Suppose s + x*y = 16 + 44, 2*y - 144 = -2*s. What are the prime factors of s?
2, 19
Let p be (1/2)/(-1)*250. Let u be 2*3/(-12)*(-1 + 3). List the prime factors of p/(-10) + u/2.
2, 3
Let d(z) = -z**3 - 2*z**2 + 6*z + 1. Let j be d(-4). Suppose 0 = a - 3 - j. What are the prime factors of a?
2, 3
Let y be (-1)/(-2)*-4 - -5. Suppose 0 = c - 4*c - 4*d + 68, -5*d = y*c - 67. List the prime factors of 131/3 - c/36.
43
Let c(g) = 0*g + 2*g + 3*g - 2*g**2 + 1 + 8*g**3 - 7*g**3. List the prime factors of c(4).
53
What are the prime factors of (2/3)/((-34350)/(-4293) + -8)?
3, 53
Let g(d) = -d**3 + 13*d**2 - 1. Let r be g(13). List the prime factors of (r/3)/(3/(-729)).
3
Let o = 6 - -213. What are the prime factors of o?
3, 73
Suppose 2*b - 210 = -2*h, 4*h - 8*b = -3*b + 447. Let l be (-8)/(-10)*(-15)/(-6). Suppose 6*a - h = l*a. What are the prime factors of a?
3
Let g(k) = 7 + 7*k - 14 - 2*k. Suppose o + 6 = 2*o. List the prime factors of g(o).
23
Suppose 5 = -3*h - c, 2*c = -h + 6*h - 10. Suppose 5*l + 92 = 4*k, -5*k - 6*l + 2*l + 156 = h. Let f = k - -6. List the prime factors of f.
2, 17
Let q(b) be the second derivative of -5*b**3/6 + 5*b**2/2 - 5*b. Let h be q(-8). Suppose 0 = -2*j - 3*j + h. List the prime factors of j.
3
Suppose -4*l = -3*t - 10 + 5, 25 = 2*l + 3*t. Suppose m + l*c = c + 213, 0 = -5*c - 15. What are the prime factors of m?
3, 5
Suppose 4298 = -158*o + 160*o. List the prime factors of o.
7, 307
Let i = -23 + 40. Let w(k) = -6*k + 7 + k**3 + 7*k + k**2 + i. List the prime factors of w(0).
2, 3
Let b(x) = -x + 339. Let l(r) = -2*r + 508. Let z(a) = 8*b(a) - 5*l(a). What are the prime factors of z(0)?
2, 43
Suppose 2*j - 295 = -k, 62*j + 4*k = 67*j - 757. What are the prime factors of j?
149
What are the prime factors of (-28602)/(-14) + 6/(9 - 3)?
2, 7, 73
Let h = -44 - -74. List the prime factors of 20/h*87/2.
29
Suppose -3 = 3*f, 0 = 5*z + 12*f - 7*f - 21580. List the prime factors of z.
3, 1439
Let i(g) = 20*g - 107. What are the prime factors of i(29)?
11, 43
Let j = -56 + 26. What are the prime factors of (-4)/j - (-388)/15?
2, 13
Let h be 4/8*(2 + 10). Suppose 3*p + 24 = h*p - 3*j, 2*j + 22 = 3*p. Suppose 0 = -p*k - 2 + 14. What are the prime factors of k?
2
Suppose g - 5 = 2. Suppose 3*x = 2 - 17, 0 = 2*h + x + g. What are the prime factors of 18 + h + (2 - -1)?
2, 5
Suppose 908*y - 916*y = -7632. What are the prime factors of y?
2, 3, 53
Let s(w) = -w**2 + 58*w + 272. List the prime factors of s(42).
2, 59
Let u(v) = 1528*v**3 - 2*v + 1. List the prime factors of u(1).
3, 509
Let f = 891 + -636. Suppose -3*b = -0*b - f. List the prime factors of b.
5, 17
Suppose 2*i - 3 = i. Suppose i*b - 5*a - 27 = -0*b, 4*b + 2*a = 62. What are the prime factors of b?
2, 7
Let c be 735/28 - 1/4. Suppose c = -h + 28. Suppose h*v - 3*n = 128, -4*v + 3*n + 283 - 21 = 0. List the prime factors of v.
67
Suppose -337 - 935 = -4*q. Suppose 4*j + 327 = 3*x, -4*x + j = -x - q. What are the prime factors of x?
3, 5, 7
Suppose 3*x = p - 7, -2*x = -3*p - 0*x. What are the prime factors of p + 212/3*3?
2, 3, 5, 7
Let g = 82 - 82. Suppose g = -4*p + 9*p - 415. List the prime factors of p.
83
Suppose 12*z + 11*z - 7728 = 0. List the prime factors of z.
2, 3, 7
Suppose -20 = -7*k + 3*k. Suppose 4*l - k*m - 284 = 0, 218 = 3*l - 3*m - 2*m. List the prime factors of l.
2, 3, 11
Suppose -13 = -10*i + 17. What are the prime factors of (-2)/i*(-4 + 10) + 68?
2
Let r = 1446 + -903. What are the prime factors of r?
3, 181
Suppose -4*m + 15 = -m. Suppose -351 = -2*l - m. What are the prime factors of l?
173
Let l(d) = 2*d**2 + 16*d + 14. Let v be l(-11). Let c = 9 - 9. Suppose 3*i - 5*j - v = c, -2*i - 2*j + 104 = 40. List the prime factors of i.
2, 3, 5
Let d = 11 + -24. Let u = 2 - d. List the prime factors of u.
3, 5
Let o be 15/7 + (8/(-14))/4. Suppose 0 = -4*w + 5*g + 847, -5 = 2*w + g - 446. Suppose 2*h + 0*u - 92 = -4*u, -o*u - w = -5*h. List the prime factors of h.
2, 11
Suppose 2*t - t = 0. Suppose -l + 2*l + d = 20, t = l - d - 28. Suppose 2*q - l = -0*q. List the prime factors of q.
2, 3
Suppose -557 = -18*n + 361. What are the prime factors of n?
3, 17
Let u(g) = 2*g**2 + 5*g + 2. Suppose -3*o - 6 - 1 = -h, -h - 3*o + 1 = 0. Suppose 0 - h = l. List the prime factors of u(l).
2, 7
Let n(t) = 2*t + 1 + 0 - 4. Let d be n(-2). Let k = 10 + d. List the prime factors of k.
3
Let g(o) = 3*o - 33. Let d be g(12). List the prime factors of 2/(((-24)/(-188))/d).
47
Suppose 231*z - 230*z = 1459. List the prime factors of z.
1459
Let p = 1 + 11. Let o be (-8)/p - (-500)/(-15). List the prime factors of 4/(o/(-32) - 1).
2
Let p(i) = i + 25. Let u be (-5)/1*48/(-20). Let m = u - 12. List the prime factors of p(m).
5
Suppose -4*l + 4*p = 6*p - 658, 476 = 3*l - 2*p. List the prime factors of l.
2, 3
Let m be (0 - 1)*(31 - 3). Suppose 0 = 5*o + 3*u + 150, -5*u - 172 + 52 = 4*o. Let a = m - o. List the prime factors of a.
2
Suppose 7*m + m + 2816 = 0. Let x = m + 535. What are the prime factors of x?
3, 61
Suppose 2*h = 5*z - 14, -z - 6 = -5*h + 5. Suppose 3*r - r = 28. Suppose h*y - r = 13. List the prime factors of y.
3
Let g(i) = -11*i - 5. Let r(u) = 17*u + 8. Let o(c) = -8*g(c) - 5*r(c). Let m be o(4). Let s = m + 22. List the prime factors of s.
2, 17
Let c be ((-3)/(-3) + 0)*0. Suppose w - 221 - 40 = c. List the prime factors of w.
3, 29
What are the prime factors of (-10)/((-70)/21)*855 + 5?
2, 5, 257
Let n(k) = -11*k**3 - 2*k**2 - k. Let l be n(-1). Let j = l - 6. List the prime factors of j.
2
Let j(d) = 21*d + 54. What are the prime factors of j(15)?
3, 41
Let p be (-18 + 19)*(-2 + -1). Let s(i) = -6*i + 5. What are the prime factors of s(p)?
23
Suppose -p = 3*n - 325, -2*p - 5*n + 328 = -325. List the prime factors of p.
2, 167
Let w be (-5 - -8) + 0 + 1. Suppose 2*v = 3*u - 176, -268 = -w*u - u - 3*v. List the prime factors of u.
2, 7
Suppose -5*a = -10*a + 1200. Suppose 0*c = -5*c + 5*k + a, 185 = 4*c + 3*k. What are the prime factors of c?
47
Suppose -4165 = -4*z + 3*u + 1820, -5*z = 5*u - 7525. What are the prime factors of z?
2, 3, 5
Let c = 13 - 9. Suppose c*o - 3*z = 161, 2*o + 0*z - 67 = -3*z. What are the prime factors of o?
2, 19
Let n = -296 - -629. List the prime factors of n.
3, 37
Let x(h) = -50*h - 120. What are the prime factors of x(-16)?
2, 5, 17
Let c = 1048 + -564. List the prime factors of c.
2, 11
Let s(i) = -i**3 + 33*i**2 + 212*i - 14. What are the prime factors of s(-6)?
